 derivative of 2/3*k**t + 1/4*k**4 + 0*k**2 - 2*k - 2. Calculate h(-2).
-2
Let n(o) = -3*o + 6*o + 2 - 6*o - o. Determine n(3).
-10
Let i(n) = -n - n**3 - 3*n - 2 + 5*n**2 + 5*n. Let d(w) = w**2 - 6*w + 5. Let q be d(6). Give i(q).
3
Let n = -45 + 27. Let r be (-4)/n - 11/9. Let g(v) = 10*v. Give g(r).
-10
Let w(i) = -i**2 - 6*i - 5. Let z(t) = t**3 + 12*t**2 - 13*t - 2. Let x be z(-13). Let q be -3 - (-1 - (0 + x)). Determine w(q).
3
Let h = -3 - -2. Let b(r) = 3*r**2 + 21*r - 21. Let z(f) = -f**2 - 5*f + 5. Let k(l) = -5*b(l) - 21*z(l). What is k(h)?
6
Let b = -94 + 92. Let h(f) = 15*f + 1. Determine h(b).
-29
Let s(y) = y**3 - 5*y**2 + 7*y - 1. Let v be s(3). Let o(z) = 6*z - 9*z + 2*z - v. Give o(-4).
2
Suppose 5*n - 5 = -15. Let o(b) = 2*b**2 + 3*b - b + 2*b**2 - b**2 - 2. Determine o(n).
6
Suppose 5*y - 3*b - 97 = 0, 3*y - 3*b - 71 = 2*b. Suppose -y = 5*g - 7. Let c(n) be the first derivative of -n**3/3 - 5*n**2/2 - 2*n - 1. Give c(g).
4
Let n(x) = x - 4. Let i = 10 - 39. Let y = -13 - i. Suppose 0 = l - g - 2, 2*g - 6*g = 2*l - y. Determine n(l).
0
Let g be (-6)/5*(-15)/6. Suppose 2*x + 21 = 5*k, -g*x - k = x - 13. Let y(w) = -2*w**2 + 2*w - 2. Determine y(x).
-6
Let u(x) = -x**3 - 3*x**2 - x. Let j be u(-3). Suppose j*d + 9 = -9. Let y = -9 - d. Let v(g) = 2*g**2 + 2*g - 4. Determine v(y).
8
Let m be 4*(2 + (-14)/8). Let j(q) = 6*q**2 - q**2 + 0*q - q. What is j(m)?
4
Let f(y) = -y**2 - y - 3. Let h be (-40)/(-60)*18/(-4). Give f(h).
-9
Let q(x) be the first derivative of -x**2/2 + 48. What is q(1)?
-1
Let m(j) be the third derivative of -j**5/30 - 33*j**2. Determine m(1).
-2
Let r(f) = 6*f**2 - f + 2. Let s(y) = -y**2 + y. Let h(a) = -r(a) - 5*s(a). Let g(i) be the first derivative of h(i). Calculate g(-3).
2
Let p(j) = 3*j**3 + 2*j**2 - 6*j + 5. Let f(a) = -a**3 - a**2 + 2*a - 2. Let w(t) = -7*f(t) - 2*p(t). Determine w(-3).
10
Let z(m) = m - 6. Let q be z(9). Let g(c) = -3*c + 2 - 3*c**2 - 2*c**3 + 0 + 3*c**q. Suppose 4*r - 7 = 9. Determine g(r).
6
Suppose -4 = 4*h - 4*g, -2*h - g + 1 = -4*h. Suppose 15 = 8*a - 3*a. Let s(j) = -6 + a*j**3 + j**2 - 3*j - 4*j**3 + 2*j. Calculate s(h).
-6
Let r(n) be the second derivative of 1/6*n**3 - n + 0*n**4 + n**2 - 1/20*n**5 + 0. Let b(t) = 2*t**2 - 5*t - 1. Let z be b(3). Calculate r(z).
-4
Let u(l) = -l + 4. Let i = -34 - -28. Calculate u(i).
10
Let p(g) = 4*g. Let k be p(1). Suppose -u - k = -2. Let z(q) = -12*q**2 - 9*q - 9. Let l(h) = h**2 + h + 1. Let b(v) = -9*l(v) - z(v). Determine b(u).
12
Let n(i) be the second derivative of -11*i**5/120 + 5*i**3/6 + i. Let t(z) be the second derivative of n(z). Give t(-1).
11
Let r(w) = -w**2 - 2*w - 3. Let b be r(-3). Let a(g) = -g**2 - 6*g - 5. Let n be a(b). Let m(k) = -k - 2. Calculate m(n).
3
Let i(u) be the third derivative of u**5/60 + 5*u**4/24 + u**3/2 + 7*u**2. Give i(-6).
9
Let b = -10 + 10. Suppose -2*q + 0*q = b. Let s(j) = -j**2 + j + 4. Calculate s(q).
4
Let p(m) = m**2 - 2*m - 4. Let i be (-3*(-2 - -1))/1. Suppose -5*g = -4*w - 69, 0*g - g = -i*w - 38. Let o be (-46)/w - (-2)/(-11). Give p(o).
4
Let l(v) = v**2 - 15*v + 24. Let g be l(14). Let i be 10/3*(-18)/15. Let n be i/g + 18/(-5). Let s(t) = t**2 + t - 5. Calculate s(n).
7
Suppose -p + 2*p + 5*q = -11, -2*q - 8 = 4*p. Let r be p/3 - 10/(-3). Suppose -u = -4*i - 6*u + 45, 0 = r*i - 3*u. Let m(o) = -o**2 + 5*o + 3. Calculate m(i).
3
Let m be ((-96)/60)/((-4)/10). Let l(s) be the first derivative of 1/4*s**m - 3/2*s**2 - 3*s + 1 - 1/3*s**3. Give l(-2).
-9
Let z be (4/6)/(1/3). Let f(t) = 0*t + z*t - t. Let k be (4 - 6)*(0 + 1). Calculate f(k).
-2
Let s = -36 + 38. Let h(b) be the first derivative of -1/2*b**s - 2 - 4*b. What is h(-6)?
2
Let o(g) = 2*g - 3*g + 2*g. Let s(t) = 4*t**2 - t + 1. Let x be s(1). Calculate o(x).
4
Let h(a) = -a + 2. Let i be 22/(-4) + 2/4. Determine h(i).
7
Let y(g) = g**2 - 10*g + 9. Let c(u) = 3*u**2 - 29*u + 26. Let x(q) = 4*c(q) - 11*y(q). Suppose j + 0*j + 21 = 4*t, -2*t + 3 = j. Give x(t).
-3
Let k(d) be the second derivative of -d**5/20 - 11*d**4/12 + 11*d**3/6 - 3*d**2 - 4*d. Let s be k(-12). Let f(w) = 3*w - 9. Determine f(s).
9
Let s(k) = -5*k**2 - 5*k + 3*k**3 + 6 + 8*k - 4*k**3. What is s(-4)?
-22
Let g(u) = u + 8. Let y be (-3 - -4)/((-1)/7). Determine g(y).
1
Suppose -3*z + 3 - 21 = 0. Let b = 4 + 13. Let h(q) = b - 5*q - q**3 - 23 - 3*q**2 - 4*q**2 - 2*q. Give h(z).
0
Let x be -1*(1 + 0 - 1). Suppose x*n + 12 = 2*n. Suppose -15 = n*i - i. Let k(z) = -z**2 - 4*z + 1. Calculate k(i).
4
Let i(m) be the first derivative of m**3/3 + 3*m**2 + 6*m + 1. Let d = -64 + 60. Give i(d).
-2
Let n be 39*3/21 + (-12)/(-28). Let l(s) be the first derivative of -1/3*s**3 - 5*s + 3*s**2 - 2. Give l(n).
-5
Let j(p) = p - p - 1 - 4*p. Calculate j(1).
-5
Let r(p) = -p**3 + p**2 + 1. Let k(x) = 3*x**3 - 10*x**2 - 7. Let y(q) = q**3 - q. Let c(n) = -k(n) - 2*y(n). Let g(o) = -c(o) + 6*r(o). What is g(-4)?
7
Let r(l) = l**3 + 7*l**2. Let z be -2 - -6 - 1 - (11 - 1). Determine r(z).
0
Let q(m) = m + 4. Let u(y) = -2*y**2 + 2*y - 1. Let c be (-35)/(-21) + 1/3. Let i be u(c). What is q(i)?
-1
Suppose -12*s = -11*s. Let u(n) = n**3 - 5*n**2 - 5*n - 3. Let i be u(6). Let g(t) = s + 1 - 2*t**3 + 5*t**i + 5*t**3. Give g(1).
9
Let j = -3 + 5. Let r(g) = -2*g - 3*g + 7*g - j. Suppose 3*c + 0*c + 6 = 0. What is r(c)?
-6
Let o(g) = -g**3 + 2*g**2 - 2*g + 6. Let f be o(0). Let x(q) = -q**3 + 5*q**2 + 5*q + 3. Calculate x(f).
-3
Let g(j) = 3 - 1 + 0 + 9 + j. Give g(-8).
3
Let v = -3 - -9. Let j(b) = -b**3 + 7*b**2 - 6*b - 8. Determine j(v).
-8
Let b be 1 - -1 - (-5 - -3). Let m(s) = s**3 + 3*s**2 + 3*s - 4. Let d(g) = g**2 + g. Let z(u) = -6*d(u) + m(u). Calculate z(b).
0
Let z(t) = 2*t - 3. Let s(h) = -h + 5. Let i be s(6). Let w be (-6)/4*(-1 + i). Calculate z(w).
3
Let r(k) = 20 + k**2 + 5*k + 2*k - 16. Give r(-5).
-6
Let t(h) be the second derivative of h**4/12 - h**3 - 3*h**2/2 + 13*h. Suppose -2*i + 6*i - 24 = 5*c, -18 = -3*i + c. Calculate t(i).
-3
Let c(q) be the second derivative of -4*q + 0*q**4 + 1/20*q**5 + 0*q**2 + 0 + 0*q**3. Suppose -3*v = -4*v - 1. Calculate c(v).
-1
Let v(h) = 7*h - 13. Let w(u) = -6*u + 13. Let c(n) = 5*v(n) + 6*w(n). Determine c(8).
5
Let v(u) = u**3 + 2*u**2 - 8*u - 1. Let c be v(-4). Let s(j) = -1 + 8*j + 1. Give s(c).
-8
Suppose 1 = -2*t + 7. Suppose -6*g + 2*g = -4. Let w(l) = 4*l - g - l**2 - 6*l - t*l. What is w(-4)?
3
Suppose t - 5*q = -12, -q + 4 = -4*t + 3*t. Suppose -4*b = z + 4 - 17, 5*b - 13 = 2*z. Let o(f) = 4 - 4*f - 1 - b. What is o(t)?
8
Let q(p) = 15*p**2 + p - 4. Let t(k) = -7*k**2 + 2. Let y(m) = -6*q(m) - 13*t(m). Calculate y(5).
-7
Let g(b) = -6 + 6 + 6 + b**2 - 8*b. Determine g(6).
-6
Let b(k) = 3*k**2 + k. Suppose 0 = -0*h + 2*h - 10. Suppose 0 = -j + h*x - 4, 3 = -0*j - j + 4*x. Suppose 0 = -4*z - 3 - j. Determine b(z).
2
Let y(d) be the first derivative of -d**5/60 - d**3 - 3*d**2/2 + 1. Let u(w) be the second derivative of y(w). Calculate u(0).
-6
Let g(k) be the first derivative of 6*k + 6 - 1/2*k**2. Let y = 1 + -1. Determine g(y).
6
Let x = -19 - -15. Let j(b) = -b - 6. Determine j(x).
-2
Suppose -2 = o + 2. Let f(z) = 9*z - 8. Let x(a) = 5*a - 4. Let c = 6 + -17. Let m(r) = c*x(r) + 6*f(r). Determine m(o).
0
Let m(w) be the first derivative of -w**4/4 + 2*w**3 + w**2 - 8*w - 7. Give m(6).
4
Let r(d) be the second derivative of -d**4/12 + d**3/2 - d**2 + 9*d. Let g(c) = c**2 - 4*c - 2. Let f be g(5). Give r(f).
-2
Let a(q) = -7*q - 5. Let x(m) = -2*m. Let i(p) = p - 1. Let s(y) = -4*i(y) - 5*x(y). Let z(r) = -4*a(r) - 5*s(r). Calculate z(1).
-2
Let x(r) = -5*r. Let v(t) = -2*t + 11. Let n be v(6). Let o be x(n). Let d(i) = -2*i + 4. Calculate d(o).
-6
Let j(p) = -p. Suppose -1 = -2*x + 3. Suppose 5*a = 5*n + 265, -x*n = 4*a + 6 - 206. Let r be (-2)/3 + a/9. Calculate j(r).
-5
Let w(a) = -3*a**2 + 4*a + 1. Let f(u) = 16*u**2 - 22*u - 4. Let k(d) = 2*f(d) + 11*w(d). Determine k(3).
-6
Let p(y) = 1 - 2 + 5*y**2 - 2*y**2. Suppose -15*t + 1 = -14*t. Determine p(t).
2
Suppose 3*z + 3*w = 0, w = 4*z + 6*w. Suppose z*f - 4 = -f. Let n(h) be the third derivative of h**4/12 + 3*h**2. Give n(f).
8
Let g(t) = t**3 + 6*t**2 + 6*t + 3. Let o be g(-5). Let m(q) = -9*q + 11. Let j(k) = -5*k + 6. Let h(l) = -11*j(l) + 6*m(l). W